 of 169 and 52?
13
What is the greatest common divisor of 25 and 1?
1
What is the highest common divisor of 2573 and 415?
83
What is the highest common divisor of 731 and 17?
17
What is the greatest common divisor of 6585 and 15?
15
Calculate the greatest common factor of 82 and 3034.
82
What is the highest common factor of 8238 and 24?
6
Calculate the greatest common factor of 46 and 2.
2
What is the greatest common divisor of 667 and 598?
23
Calculate the greatest common factor of 17 and 12937.
17
Calculate the highest common factor of 22 and 55.
11
Calculate the greatest common factor of 19 and 95.
19
Calculate the highest common factor of 80 and 27460.
20
Calculate the greatest common factor of 1661 and 22.
11
What is the highest common factor of 2035 and 275?
55
What is the highest common factor of 623 and 196?
7
What is the greatest common divisor of 1141 and 326?
163
Calculate the greatest common divisor of 13 and 2327.
13
Calculate the greatest common divisor of 38 and 266.
38
Calculate the highest common divisor of 44 and 12.
4
What is the greatest common factor of 36 and 22812?
12
What is the greatest common divisor of 13125 and 7?
7
What is the greatest common divisor of 1592 and 32?
8
What is the highest common divisor of 374 and 136?
34
What is the highest common factor of 384 and 144?
48
Calculate the greatest common divisor of 481 and 117.
13
What is the highest common factor of 16 and 176?
16
What is the highest common factor of 108 and 837?
27
What is the highest common divisor of 1377 and 816?
51
Calculate the highest common factor of 828 and 2392.
92
Calculate the highest common factor of 209 and 3553.
209
Calculate the greatest common factor of 649 and 11.
11
Calculate the highest common factor of 186 and 2108.
62
What is the greatest common divisor of 1120 and 120?
40
Calculate the highest common factor of 224 and 168.
56
What is the highest common divisor of 403 and 93?
31
What is the greatest common divisor of 72 and 1880?
8
Calculate the highest common divisor of 49 and 63.
7
What is the greatest common factor of 1785 and 51?
51
What is the highest common divisor of 366 and 246?
6
Calculate the highest common factor of 72 and 56.
8
Calculate the highest common factor of 119 and 34.
17
Calculate the highest common factor of 258 and 688.
86
Calculate the greatest common factor of 48 and 912.
48
Calculate the greatest common factor of 60 and 1815.
15
Calculate the highest common divisor of 2332 and 44.
44
Calculate the highest common divisor of 200 and 72.
8
What is the greatest common divisor of 30 and 18?
6
Calculate the greatest common factor of 2828 and 28.
28
Calculate the highest common factor of 8935 and 5.
5
Calculate the greatest common factor of 33 and 2607.
33
What is the greatest common divisor of 54 and 300?
6
Calculate the greatest common divisor of 744 and 24.
24
Calculate the highest common divisor of 2 and 1226.
2
What is the greatest common divisor of 125 and 3475?
25
What is the greatest common factor of 684 and 162?
18
Calculate the highest common factor of 80 and 30.
10
Calculate the greatest common divisor of 7 and 2471.
7
What is the highest common factor of 24 and 88?
8
Calculate the highest common factor of 245 and 280.
35
Calculate the highest common divisor of 72 and 200.
8
What is the greatest common divisor of 4 and 146?
2
What is the highest common factor of 515 and 103?
103
What is the highest common factor of 496 and 31?
31
What is the greatest common factor of 471 and 11932?
157
What is the highest common divisor of 105 and 525?
105
What is the highest common factor of 1098 and 244?
122
What is the greatest common factor of 7 and 2408?
7
What is the highest common divisor of 236 and 4?
4
Calculate the greatest common divisor of 18 and 66.
6
Calculate the greatest common factor of 126 and 322.
14
Calculate the highest common divisor of 16 and 488.
8
Calculate the highest common factor of 3582 and 18.
18
Calculate the greatest common factor of 441 and 126.
63
What is the greatest common factor of 46 and 828?
46
Calculate the highest common factor of 11 and 858.
11
Calculate the greatest common divisor of 210 and 90.
30
Calculate the highest common divisor of 259 and 74.
37
What is the greatest common factor of 3627 and 24?
3
Calculate the greatest common divisor of 16201 and 17.
17
What is the highest common divisor of 182 and 98?
14
Calculate the highest common divisor of 2198 and 126.
14
Calculate the greatest common divisor of 749 and 107.
107
Calculate the greatest common divisor of 356 and 4450.
178
What is the greatest common factor of 284 and 355?
71
What is the highest common factor of 9 and 981?
9
Calculate the highest common divisor of 5232 and 109.
109
Calculate the greatest common factor of 297 and 9.
9
Calculate the greatest common factor of 685 and 10.
5
Calculate the greatest common factor of 567 and 81.
81
Calculate the greatest common divisor of 10 and 1310.
10
What is the greatest common factor of 253 and 33?
11
Calculate the greatest common factor of 392 and 91.
7
What is the highest common divisor of 6 and 972?
6
Calculate the greatest common divisor of 10085 and 15.
5
Calculate the greatest common factor of 2046 and 253.
11
Calculate the greatest common factor of 180 and 90.
90
What is the greatest common factor of 96 and 224?
32
Calculate the highest common divisor of 142 and 8.
2
Calculate the highest common factor of 2028 and 12.
12
What is the greatest common divisor of 10187 and 122?
61
Calculate the greatest common factor of 4310 and 10.
10
What is the highest common factor of 6264 and 648?
216
Calculate the greatest common divisor of 36 and 288.
36
What is the greatest common divisor of 15372 and 488?
244
Calculate the highest common divisor of 237 and 553.
79
Calculate the greatest common divisor of 15 and 3640.
5
Calculate the greatest common factor of 792 and 495.
99
Calculate the highest common divisor of 1410 and 20.
10
What is the highest common factor of 34 and 17?
17
What is the greatest common factor of 841 and 1?
1
What is the greatest common factor of 54 and 1566?
54
What is the highest common divisor of 126 and 432?
18
What is the greatest common factor of 4908 and 6?
6
What is the highest common divisor of 17699 and 55?
11
What is the greatest common factor of 976 and 16?
16
What is the highest common divisor of 114 and 2242?
38
Calculate the greatest common divisor of 470 and 70.
10
What is the highest common divisor of 221 and 13?
13
Calculate the greatest common divisor of 176 and 33.
11
Calculate the highest common factor of 360 and 3080.
40
What is the greatest common divisor of 7356 and 12?
12
Calculate the highest common divisor of 36 and 32.
4
Calculate the highest common factor of 90 and 1305.
45
What is the highest common factor of 2988 and 581?
83
What is the greatest common divisor of 3465 and 30?
15
Calculate the greatest common divisor of 432 and 464.
16
Calculate the greatest common divisor of 319 and 110.
11
What is the greatest common divisor of 954 and 18?
18
What is the greatest common divisor of 492 and 861?
123
Calculate the highest common factor of 888 and 6808.
296
What is the greatest common divisor of 64 and 704?
64
What is the greatest common factor of 13 and 1404?
13
What is the greatest common factor of 5678 and 68?
34
Calculate the greatest common factor of 114 and 5985.
57
Calculate the highest common divisor of 35 and 231.
7
Calculate the highest common factor of 204 and 36.
12
Calculate the highest common factor of 24 and 1488.
24
What is the highest common factor of 544 and 6222?
34
Calculate the highest common factor of 1411 and 249.
83
What is the greatest common divisor of 174 and 2001?
87
What is the greatest common divisor of 41 and 4223?
41
What is the highest common divisor of 10 and 1346?
2
Calculate the greatest common divisor of 852 and 48.
12
What is the highest common divisor of 1359 and 604?
151
What is the greatest common factor of 120 and 8680?
40
What is the greatest common factor of 20 and 580?
20
Calculate the highest common divisor of 56 and 6328.
56
What is the highest common divisor of 215 and 20?
5
Calculate the highest common divisor of 93 and 3.
3
What is the highest common divisor of 1856 a